22, -12 = -n*t + 3*m - 0*m. List the prime factors of t.
2, 3
Let i(c) = c + 4. Let p be i(0). Let s(l) = -l**2 + 5*l - 6. Let x be s(p). List the prime factors of (-30)/x*6/10.
3
Let l = 88 + -36. Suppose -28 = 4*m - g, l = -4*m + 3*g + 16. List the prime factors of (11 - 2) + m/3.
7
Let c(l) be the second derivative of -l**4/12 - l**3 - 5*l**2/2 - l. Let s be c(-4). Suppose 2*g + s*u - 7 = -0, 2 = -2*u. List the prime factors of g.
5
Let x = -27 - -30. Suppose -4*u - 2*c = -12 - 12, 0 = -x*u + 2*c + 25. List the prime factors of u.
7
Suppose -2*n + 58 = -6*n - 2*r, -n = -3*r + 4. Let i be (-1 - n) + -2*1. Let y = -4 + i. List the prime factors of y.
2, 3
Suppose -5*z - 5*n = -10*z + 30, 4*n - 11 = -3*z. Suppose 0 = -y - z, 0 = -2*t - y + 5. List the prime factors of t.
5
Suppose -53 - 25 = 2*d. Let z be (-2)/4 - d/6. Suppose m - 3*q - 17 = 0, -29 = -z*m + m + q. What are the prime factors of m?
5
Let h(i) = i**3 - i**2 + i - 1. Let k(q) = 20*q**3 - q**2 - 1. Let s(y) = -h(y) + k(y). List the prime factors of s(1).
2, 3
Let d(i) = 8*i + 2. Let m be d(5). Let p = -50 + 22. Let v = m + p. List the prime factors of v.
2, 7
Let b(a) = a + 7. Let x be b(0). Let v(p) = 0 + 3*p - 2*p + 3. What are the prime factors of v(x)?
2, 5
Let f = -4 + 5. Let o(b) = -7*b**3 - b**2 - b + 16. Let g(q) = q**3 - 1. Let k(u) = f*o(u) + 6*g(u). List the prime factors of k(0).
2, 5
Let j(o) = -12*o**3 - 2*o - 2. What are the prime factors of j(-2)?
2, 7
Let q(v) be the first derivative of -v**2 - 8*v + 4. What are the prime factors of q(-7)?
2, 3
Let q(a) = 3*a**2 - a. Let z be ((0 - 1) + -1)/2. Let b be q(z). Suppose -b = -5*j + 56. List the prime factors of j.
2, 3
Suppose -3*n + n = -5*z + 21, 5*n + 2*z + 38 = 0. List the prime factors of 0 + 4/(n/(-54)).
3
Let g be (3 - 3)*(-5)/(-10). Suppose 0 = -l - g*l + 7. List the prime factors of l.
7
Let i(f) = -f - 13. Let r be i(-13). Suppose d = -2*y - r*y + 63, -5*y + 154 = -d. What are the prime factors of y?
31
Let h(c) be the second derivative of -c**4/12 - 7*c**3/6 + 3*c**2/2 + c. What are the prime factors of h(-6)?
3
Suppose -d + 200 = 3*d. What are the prime factors of d?
2, 5
Let s = -1 + 9. What are the prime factors of (0 + -2)/(s/(-172))?
43
Let g(x) = x**3 - 9*x**2 + 8*x + 2. Let f be g(8). Suppose 2*d - 32 = -4*z, -3*z - 2*z = f*d - 41. List the prime factors of z.
3
Suppose 0 = -5*w - 88 - 32. Let b = 3 - 16. Let a = b - w. List the prime factors of a.
11
Let p = 104 - 52. List the prime factors of p.
2, 13
Let v = 7 - 7. Let f = -32 - -12. List the prime factors of f/8*(-2 + v).
5
List the prime factors of (-207)/(-12)*(-132)/(-9).
11, 23
Suppose 0 = -3*y - g + 672, 2*g - 850 = -4*y + 46. What are the prime factors of y?
2, 7
Let l(f) be the third derivative of f**5/60 + f**4/12 + f**3/3 - f**2. List the prime factors of l(-3).
5
Let u be 0 - (-1)/((-3)/(-24)). Suppose 18 = 2*f - u. Let j = f - 2. List the prime factors of j.
11
Let z = -7 + 13. Let t = -1 + z. Suppose -t*v - 5 = -50. List the prime factors of v.
3
List the prime factors of 9 - -49 - (3 - 0).
5, 11
Suppose 0 = -l + a + 2*a + 42, -2*l - 4*a = -134. What are the prime factors of l?
3, 19
Let l = -12 - -22. Let a(y) = -y**2 + 11*y - 8. List the prime factors of a(l).
2
Let w be (-25)/3 - (-4)/(-6). List the prime factors of -1*(w + (1 - 4)).
2, 3
Let n(x) = -x**2 - 6*x + 10. Let c be n(-7). Let r be 0 + (-6*1)/c. Let f(h) = -4*h + 2. List the prime factors of f(r).
2, 5
Let b = 2 + -3. Let t = b - -9. List the prime factors of t.
2
Let f = 34 - 20. List the prime factors of f.
2, 7
Let j(v) = 2*v**3 - v**3 + 4 - 10 - 6*v**2. Let p be j(6). What are the prime factors of (-1)/p + 118/12?
2, 5
Suppose o - 9 = 4*j, -5*j - 4 = 4*o + 2. Let k(i) be the first derivative of i**4/4 + 4*i**3/3 + i**2/2 + 2*i + 1. What are the prime factors of k(j)?
2
Let i = 13 + -11. Suppose 3*j = -4*o + i*j + 120, 20 = -5*j. List the prime factors of o.
31
Let n(k) = -3*k**2 - 12*k + 3. Let v(f) = -4*f**2 - 13*f + 3. Let h(b) = -5*n(b) + 4*v(b). List the prime factors of h(7).
2
Suppose -2*k + 5 + 11 = 0. Let i be 22/k - (-3)/12. Suppose -21 = -2*t - i. List the prime factors of t.
3
Let v be 6/9*(4 - 1). Suppose -3*t + 2*f = -10, -f = -v*t + t + 2. Let l(s) = s**3 - 6*s**2 + 3*s - 9. List the prime factors of l(t).
3
Let q be 2/6 + 31/(-3). List the prime factors of (q/(-3))/((-4)/(-6)).
5
Let q = 13 - 10. Suppose 4*a - x - 42 = 0, -q*a + a = 3*x - 14. List the prime factors of a.
2, 5
Suppose -2 = d + 2*d + 5*l, 0 = 2*l - 4. Let n = 3 - d. List the prime factors of n.
7
Let w(t) = t - 8. Let y be w(4). Let j = y + 19. What are the prime factors of j?
3, 5
Let v(b) = -b**3 - 3*b**2 + 4*b - 10. List the prime factors of v(-6).
2, 37
Let r be 2/(2/2)*1. Let a be r/((-25)/26 + 1). Suppose 2*d - 6*d = -a. List the prime factors of d.
13
Let b(l) = 61*l - 1. List the prime factors of b(1).
2, 3, 5
What are the prime factors of 2 + 29 + -2 + 2?
31
Suppose -p = 3*t - 43 + 7, 5*t - 130 = -5*p. List the prime factors of p.
3, 7
Let k = -50 - -332. List the prime factors of k.
2, 3, 47
Suppose x - 75 = -g + 5*x, 0 = -g + 5*x + 79. List the prime factors of g.
59
Let t(x) = 39*x + 8. What are the prime factors of t(3)?
5
Let g(s) = s + 8 - 5 + 0. Let w be g(-6). What are the prime factors of w*-15*4/18?
2, 5
Suppose -3*b + 622 = 64. List the prime factors of b.
2, 3, 31
Suppose 45 = 5*s - 10. Let v = 76 - 39. Suppose 2*x = v - s. What are the prime factors of x?
13
Suppose 0 = 3*b + 3. What are the prime factors of ((-4)/10)/(b/90)?
2, 3
Let g be 4/2*(-36)/(-4). Let o be 10/(-6) - 2/6. Let y = g + o. What are the prime factors of y?
2
Suppose 3*o = -2*q + 252 + 281, 191 = o + 4*q. What are the prime factors of o?
5, 7
Suppose z + 3*y - 57 = -z, 3*z + 5*y = 88. List the prime factors of z.
3, 7
Suppose -j = 4 - 6. Suppose j + 1 = u. Suppose -15 = -0*f - u*f. List the prime factors of f.
5
Let f(n) be the first derivative of n**4/4 + n**3/3 + n**2/2 + 6*n - 1. Let c be (-3)/(-6)*(1 - 1). List the prime factors of f(c).
2, 3
Let g(m) = -m**3 - m**2 + m + 6. Let v be g(0). Suppose v*o = o + 10. What are the prime factors of ((-3)/5)/(o/(-30))?
3
Let w(u) = 4*u**3 + 5*u**2 + u - 3. Let m(l) = 3*l**3 + 5*l**2 - 2. Let t(n) = 6*m(n) - 5*w(n). Let q be t(3). Let z = 36 + q. What are the prime factors of z?
3, 5
Let l(v) = -v**3 - 8*v**2 - 7*v + 3. Let c be l(-7). Suppose 3*s - f = f + 47, 0 = -3*s - c*f + 42. List the prime factors of s.
3, 5
Let c = 37 + -15. List the prime factors of c.
2, 11
Let x = 380 - 81. What are the prime factors of x?
13, 23
Suppose 48*g - 420 = 45*g. What are the prime factors of g?
2, 5, 7
Let t be (-2)/5 + (-12)/20. Let q be (-1 - t) + (-6)/(-3). Suppose -4*l - 2*s + 34 = 0, -2 = q*l - 4*l + 4*s. What are the prime factors of l?
7
Suppose -a + 1 = -2*r - 0, -r = -1. Suppose -5*w - 14 = a*v + 6, 0 = 4*v - w - 4. Suppose 3*n + f + f - 36 = v, -n + 13 = f. What are the prime factors of n?
2, 5
Suppose 11*x - 286 = 9*x. What are the prime factors of x?
11, 13
Let t(k) = k**3 + 14*k**2 - 8*k - 13. List the prime factors of t(-12).
7, 53
Let n(a) be the third derivative of -a**5/60 - 11*a**4/24 - 4*a**3/3 + a**2. Let c be n(-12). Let j = c + 31. List the prime factors of j.
11
Suppose -2*a = -a + 7. Let b = a + 14. What are the prime factors of b?
7
Let a be (-188)/(-28) - (-4)/14. List the prime factors of 208/a - 22/(-77).
2, 3, 5
What are the prime factors of (8/5)/(10/125)?
2, 5
Suppose 3*j - 58 = 38. List the prime factors of j.
2
Let u be 10/4 + (-1)/(-2). Suppose -m = -u*m + 12. What are the prime factors of m?
2, 3
Let p(c) = -c**3 + 8*c**2 - 8*c + 4. What are the prime factors of p(5)?
3, 13
Let t(j) = -8*j - 3. Let y be t(-3). Suppose 6 = 5*s - 9. Suppose -y = -4*n + 3*g + 2, s*g = 9. List the prime factors of n.
2
Let o be (24/8)/(2/(-2)). Let s = 17 - o. What are the prime factors of s?
2, 5
Suppose 8 + 12 = 5*i. What are the prime factors of 3/(-6)*i*-1?
2
Suppose -4*b + 26 = 10. Let g = 4 - b. Suppose g = -6*x + x + 15. List the prime factors of x.
3
Let r(p) = p**2 - 3*p - 7. What are the prime factors of r(-7)?
3, 7
Suppose -2*n = 2*n - 52. List the prime factors of n.
13
Let k be (-2 + 0)*165/22. Let u = -11 - k. List the prime factors o